 of 3198?
3
What is the thousands digit of 3974?
3
What is the hundreds digit of 3459?
4
What is the tens digit of 2040?
4
What is the units digit of 9695?
5
What is the hundreds digit of 910?
9
What is the thousands digit of 27570?
7
What is the hundreds digit of 5564?
5
What is the thousands digit of 82387?
2
What is the units digit of 1223?
3
What is the hundreds digit of 50562?
5
What is the thousands digit of 1477?
1
What is the ten thousands digit of 128018?
2
What is the tens digit of 3702?
0
What is the tens digit of 1271?
7
What is the units digit of 1928?
8
What is the hundreds digit of 3139?
1
What is the hundreds digit of 3360?
3
What is the hundreds digit of 13742?
7
What is the units digit of 107220?
0
What is the hundreds digit of 18371?
3
What is the thousands digit of 32094?
2
What is the units digit of 1024?
4
What is the tens digit of 488?
8
What is the thousands digit of 13650?
3
What is the ten thousands digit of 31136?
3
What is the tens digit of 39214?
1
What is the thousands digit of 3332?
3
What is the units digit of 3958?
8
What is the thousands digit of 11844?
1
What is the hundreds digit of 5171?
1
What is the thousands digit of 1504?
1
What is the tens digit of 30727?
2
What is the units digit of 7283?
3
What is the thousands digit of 1116?
1
What is the thousands digit of 3028?
3
What is the hundreds digit of 142?
1
What is the units digit of 995?
5
What is the ten thousands digit of 53311?
5
What is the ten thousands digit of 28583?
2
What is the units digit of 2910?
0
What is the thousands digit of 30275?
0
What is the tens digit of 636?
3
What is the thousands digit of 3792?
3
What is the units digit of 94?
4
What is the thousands digit of 12945?
2
What is the units digit of 1618?
8
What is the ten thousands digit of 26262?
2
What is the units digit of 131816?
6
What is the hundreds digit of 1809?
8
What is the hundreds digit of 2884?
8
What is the ten thousands digit of 60000?
6
What is the tens digit of 361?
6
What is the units digit of 6283?
3
What is the units digit of 40?
0
What is the hundreds digit of 33276?
2
What is the thousands digit of 2205?
2
What is the ten thousands digit of 28688?
2
What is the tens digit of 940?
4
What is the tens digit of 5660?
6
What is the units digit of 5432?
2
What is the units digit of 32293?
3
What is the hundreds digit of 48448?
4
What is the thousands digit of 22071?
2
What is the units digit of 302?
2
What is the units digit of 35430?
0
What is the hundreds digit of 1393?
3
What is the units digit of 21448?
8
What is the units digit of 3434?
4
What is the tens digit of 3682?
8
What is the units digit of 317?
7
What is the units digit of 3904?
4
What is the units digit of 264?
4
What is the units digit of 11909?
9
What is the thousands digit of 51311?
1
What is the tens digit of 441?
4
What is the units digit of 43820?
0
What is the tens digit of 75834?
3
What is the thousands digit of 2490?
2
What is the tens digit of 5479?
7
What is the tens digit of 8956?
5
What is the tens digit of 1426?
2
What is the hundreds digit of 45249?
2
What is the hundreds digit of 118?
1
What is the tens digit of 114894?
9
What is the units digit of 256?
6
What is the tens digit of 6144?
4
What is the tens digit of 1118?
1
What is the units digit of 56626?
6
What is the hundreds digit of 1169?
1
What is the tens digit of 44?
4
What is the tens digit of 18819?
1
What is the tens digit of 2047?
4
What is the tens digit of 8759?
5
What is the thousands digit of 33689?
3
What is the hundreds digit of 3072?
0
What is the units digit of 762?
2
What is the tens digit of 40981?
8
What is the ten thousands digit of 44642?
4
What is the hundreds digit of 1370?
3
What is the tens digit of 387?
8
What is the units digit of 37?
7
What is the ten thousands digit of 26972?
2
What is the hundreds digit of 1231?
2
What is the tens digit of 2469?
6
What is the tens digit of 432?
3
What is the units digit of 1122?
2
What is the units digit of 412?
2
What is the hundreds digit of 18723?
7
What is the ten thousands digit of 31353?
3
What is the thousands digit of 41837?
1
What is the thousands digit of 35672?
5
What is the hundred thousands digit of 146510?
1
What is the units digit of 1848?
8
What is the units digit of 2404?
4
What is the ten thousands digit of 16903?
1
What is the tens digit of 70489?
8
What is the hundreds digit of 179011?
0
What is the thousands digit of 123915?
3
What is the thousands digit of 11575?
1
What is the hundreds digit of 2957?
9
What is the units digit of 90010?
0
What is the thousands digit of 15074?
5
What is the units digit of 1801?
1
What is the thousands digit of 5211?
5
What is the tens digit of 81359?
5
What is the units digit of 491?
1
What is the tens digit of 6673?
7
What is the thousands digit of 1413?
1
What is the hundreds digit of 180359?
3
What is the hundreds digit of 37179?
1
What is the hundreds digit of 16633?
6
What is the hundred thousands digit of 152134?
1
What is the tens digit of 120310?
1
What is the thousands digit of 19944?
9
What is the thousands digit of 11078?
1
What is the hundreds digit of 27183?
1
What is the hundred thousands digit of 113014?
1
What is the units digit of 2646?
6
What is the units digit of 22490?
0
What is the hundreds digit of 658?
6
What is the units digit of 8152?
2
What is the units digit of 119439?
9
What is the hundreds digit of 13747?
7
What is the units digit of 1677?
7
What is the tens digit of 46270?
7
What is the tens digit of 348?
4
What is the units digit of 91851?
1
What is the hundreds digit of 3156?
1
What is the thousands digit of 87376?
7
What is the ten thousands digit of 41708?
4
What is the thousands digit of 1561?
1
What is the ten thousands digit of 126959?
2
What is the ten thousands digit of 16692?
1
What is the tens digit of 13976?
7
What is the units digit of 501?
1
What is the units digit of 271?
1
What is the hundreds digit of 184?
1
What is the units digit of 38748?
8
What is the hundreds digit of 27775?
7
What is the tens digit of 46638?
3
What is the hundreds digit of 10820?
8
What is the hundreds digit of 673?
6
What is the ten thousands digit of 16898?
1
What is the tens digit of 4373?
7
What is the thousands digit of 1117?
1
What is the hundreds digit of 15071?
0
What is the thousands digit of 6224?
6
What is the hundreds digit of 25217?
2
What is the units digit of 4820?
0
What is the hundreds digit of 602?
6
What is the hundreds digit of 335?
3
What is the units digit of 53712?
2
What is the tens digit of 841?
4
What is the units digit of 99904?
4
What is the units digit of 699?
9
What is the units digit of 1346?
6
What is the thousands digit of 4460?
4
What is the tens digit of 3529?
2
What is the thousands digit of 19638?
9
What is the thousands digit of 9881?
9
What is the tens digit of 1871?
7
What is the units digit of 8520?
0
What is the thousands digit of 3919?
3
What is the units digit of 2062?
2
What is the hundreds digit of 391?
3
What is the thousands digit of 60041?
0
What is the tens digit of 1097?
9
What is the tens digit of 1284?
8
What is the thousands digit of 2685?
2
What is the units digit of 141288?
8
What is the tens digit of 4027?
2
What is the tens digit of 1201?
0
What is the units digit of 48469?
9
What is the tens digit of 680?
8
What is the tens digit of 36842?
4
What is the hundreds digit of 131973?
9
What is the tens digit of 97949?
4
What is the thousands digit of 2245?
2
What is the units digit of 23590?
0
What is the units digit of 428?
8
What is the units digit of 23127?
7
What is the units digit of 390?
0
What is the units digit of 162081?
1
What is the hundreds digit of 18301?
3
What is the units digit of 385?
5
What is the hundreds digit of 25029?
0
What is the units digit of 3133?
3
What is the hundreds digit of 8868?
8
What is the hundreds digit of 9538?
5
What is the thousands digit of 8724?
8
What is the hundreds digit of 861?
8
What is the hundred thousands digit of 130157?
1
What is the hundreds digit of 762?
7
What is the hundreds digit of 65239?
2
What is the hundreds digit of 34385?
3
What is the units digit of 120?
0
What is the thousands digit of 117978?
7
What is the tens digit of 104100?
0
What is the tens digit of 6702?
0
What is the th